5403?
19, 1123
List the prime factors of 6715971.
3, 47, 15877
What are the prime factors of 961891?
7, 137413
What are the prime factors of 11333086?
2, 1483, 3821
List the prime factors of 1363417.
11, 17, 23, 317
List the prime factors of 4079933.
11, 13, 103, 277
List the prime factors of 83206.
2, 41603
What are the prime factors of 272715?
3, 5, 18181
What are the prime factors of 2372943?
3, 223, 3547
What are the prime factors of 173980?
2, 5, 8699
List the prime factors of 19459187.
11, 1769017
List the prime factors of 2682917.
41, 65437
What are the prime factors of 21934?
2, 11, 997
List the prime factors of 274570.
2, 5, 27457
What are the prime factors of 30009193?
577, 52009
What are the prime factors of 157127?
157127
List the prime factors of 235916.
2, 58979
List the prime factors of 134323.
7, 31, 619
List the prime factors of 345447.
3, 131, 293
What are the prime factors of 1943652?
2, 3, 161971
What are the prime factors of 1282172?
2, 73, 4391
What are the prime factors of 2750045?
5, 550009
What are the prime factors of 250826?
2, 83, 1511
What are the prime factors of 630597?
3, 11, 97, 197
What are the prime factors of 243978?
2, 3, 7, 37, 157
What are the prime factors of 5785574?
2, 2892787
List the prime factors of 22318907.
13, 1716839
List the prime factors of 1316526.
2, 3, 59, 3719
List the prime factors of 2123725.
5, 17, 19, 263
List the prime factors of 412618.
2, 103, 2003
List the prime factors of 2982510.
2, 3, 5, 31, 1069
List the prime factors of 201898.
2, 29, 59
What are the prime factors of 18094908?
2, 3, 13, 193, 601
List the prime factors of 23170.
2, 5, 7, 331
What are the prime factors of 3748272?
2, 3, 11, 31, 229
What are the prime factors of 4927222?
2, 557, 4423
What are the prime factors of 147889?
7, 37, 571
What are the prime factors of 1719593?
79, 21767
List the prime factors of 402541.
402541
What are the prime factors of 995882?
2, 449, 1109
What are the prime factors of 337276?
2, 84319
What are the prime factors of 64580?
2, 5, 3229
What are the prime factors of 21521871?
3, 7, 341617
What are the prime factors of 2665193?
67, 39779
List the prime factors of 23960882.
2, 11, 47, 23173
What are the prime factors of 6804665?
5, 7, 23, 79, 107
What are the prime factors of 234470?
2, 5, 23447
List the prime factors of 92930.
2, 5, 9293
What are the prime factors of 2869512?
2, 3, 119563
List the prime factors of 326733.
3, 11, 9901
List the prime factors of 56176.
2, 3511
What are the prime factors of 1716094?
2, 139, 6173
List the prime factors of 38870702.
2, 13, 463, 3229
What are the prime factors of 265539?
3, 88513
List the prime factors of 2379963.
3, 31, 157, 163
What are the prime factors of 868990?
2, 5, 67, 1297
List the prime factors of 379264.
2, 2963
What are the prime factors of 734377?
7, 104911
What are the prime factors of 4191765?
3, 5, 279451
What are the prime factors of 8707190?
2, 5, 251, 3469
List the prime factors of 925169.
7, 79, 239
What are the prime factors of 3436222?
2, 101, 17011
List the prime factors of 39023635.
5, 7, 53, 109, 193
What are the prime factors of 263689?
457, 577
What are the prime factors of 627818?
2, 313909
List the prime factors of 46152.
2, 3, 641
What are the prime factors of 1011428?
2, 11, 127, 181
What are the prime factors of 763669?
23, 33203
List the prime factors of 18702381.
3, 23, 47, 73, 79
List the prime factors of 1140595.
5, 149, 1531
List the prime factors of 214094.
2, 167, 641
What are the prime factors of 2208064?
2, 34501
What are the prime factors of 376993?
23, 37, 443
What are the prime factors of 53870?
2, 5, 5387
What are the prime factors of 1318425?
3, 5, 17579
List the prime factors of 1844033.
1844033
List the prime factors of 40983.
3, 19, 719
List the prime factors of 1246045.
5, 31, 8039
List the prime factors of 225591.
3, 29, 2593
List the prime factors of 4637021.
229, 20249
What are the prime factors of 20111772?
2, 3, 1675981
What are the prime factors of 12456592?
2, 778537
What are the prime factors of 1005363?
3, 17, 6571
What are the prime factors of 2148700?
2, 5, 21487
List the prime factors of 256367.
19, 103, 131
What are the prime factors of 8507791?
8507791
What are the prime factors of 849291?
3, 283097
List the prime factors of 1081706.
2, 59, 89, 103
What are the prime factors of 4576051?
41, 111611
List the prime factors of 81713.
41, 1993
List the prime factors of 4121396.
2, 1030349
What are the prime factors of 104779?
104779
What are the prime factors of 7883612?
2, 11, 179173
What are the prime factors of 7707232?
2, 13, 97, 191
What are the prime factors of 3117448?
2, 347, 1123
What are the prime factors of 225845?
5, 17, 2657
List the prime factors of 7657565.
5, 17, 90089
List the prime factors of 164573.
199, 827
List the prime factors of 9554882.
2, 31, 154111
What are the prime factors of 27768708?
2, 3, 11, 70123
List the prime factors of 5482251.
3, 199, 3061
List the prime factors of 11647646.
2, 19, 306517
List the prime factors of 3299037.
3, 7, 17, 9241
What are the prime factors of 19535957?
7, 398693
List the prime factors of 20194124.
2, 419, 12049
What are the prime factors of 2812756?
2, 89, 7901
List the prime factors of 180447.
3, 60149
List the prime factors of 3902568.
2, 3, 113, 1439
What are the prime factors of 570937?
570937
What are the prime factors of 26387522?
2, 7, 941, 2003
What are the prime factors of 7360269?
3, 7, 17, 53, 389
What are the prime factors of 573140?
2, 5, 28657
What are the prime factors of 251692?
2, 7, 89, 101
What are the prime factors of 10834626?
2, 3, 11, 167, 983
What are the prime factors of 4078348?
2, 773, 1319
What are the prime factors of 262332?
2, 3, 7, 347
List the prime factors of 473688.
2, 3, 17, 43
What are the prime factors of 2509102?
2, 19, 66029
What are the prime factors of 15733908?
2, 3, 17, 47, 547
What are the prime factors of 7309768?
2, 23, 39727
What are the prime factors of 37953381?
3, 23, 550049
What are the prime factors of 698044?
2, 47, 79
List the prime factors of 6449929.
257, 25097
What are the prime factors of 1637490?
2, 3, 5, 54583
What are the prime factors of 20874548?
2, 29, 179953
List the prime factors of 6294160.
2, 5, 29, 2713
List the prime factors of 245454.
2, 3, 11, 3719
List the prime factors of 11490838.
2, 5745419
What are the prime factors of 68208?
2, 3, 7, 29
What are the prime factors of 1745506?
2, 7, 124679
What are the prime factors of 3259861?
11, 29, 929
What are the prime factors of 805763?
7, 59, 1951
What are the prime factors of 109653?
3, 36551
List the prime factors of 14713153.
7, 13, 161683
What are the prime factors of 10750368?
2, 3, 113, 991
What are the prime factors of 2112871?
2112871
What are the prime factors of 550204?
2, 67, 2053
List the prime factors of 748644.
2, 3, 13, 4799
List the prime factors of 1244975.
5, 19, 2621
What are the prime factors of 84125?
5, 673
What are the prime factors of 115740?
2, 3, 5, 643
What are the prime factors of 30194585?
5, 89, 67853
List the prime factors of 330402.
2, 3, 53, 1039
List the prime factors of 8705755.
5, 1741151
What are the prime factors of 14774?
2, 83, 89
What are the prime factors of 550424?
2, 7, 9829
List the prime factors of 1048034.
2, 13, 173, 233
What are the prime factors of 266522?
2, 133261
What are the prime factors of 509042?
2, 199, 1279
What are the prime factors of 589237?
11, 17, 23, 137
List the prime factors of 3913388.
2, 978347
What are the prime factors of 135029?
135029
List the prime factors of 3866589.
3, 71, 2017
What are the prime factors of 27696389?
7, 367, 10781
What are the prime factors of 2660358?
2, 3, 31, 14303
What are the prime factors of 3605721?
3, 7, 103, 1667
List the prime factors of 18257.
18257
What are the prime factors of 243162?
2, 3, 19, 79
List the prime factors of 2071847.
29, 71443
List the prime factors of 938272.
2, 109, 269
List the prime factors of 1159620.
2, 3, 5, 7, 11, 251
List the prime factors of 5374102.
2, 37, 72623
What are the prime factors of 599158?
2, 7, 42797
What are the prime factors of 9084869?
19, 37, 12923
What are the prime factors of 115628?
2, 137, 211
List the prime factors of 90902.
2, 7, 43, 151
What are the pr